{"id":277,"date":"2018-07-04T18:00:08","date_gmt":"2018-07-04T18:00:08","guid":{"rendered":"http:\/\/rdassessoria.com\/?page_id=277"},"modified":"2022-06-07T16:08:03","modified_gmt":"2022-06-07T19:08:03","slug":"resultado","status":"publish","type":"page","link":"https:\/\/rdassessoria.com\/?page_id=277","title":{"rendered":"Resultado"},"content":{"rendered":"\n\n  <div class=\"banner has-hover bg-zoom\" id=\"banner-534300728\">\n          <div class=\"banner-inner fill\">\n        <div class=\"banner-bg fill\" >\n            <div class=\"bg fill bg-fill \"><\/div>\n                        <div class=\"overlay\"><\/div>            \n                    <\/div><!-- bg-layers -->\n        <div class=\"banner-layers container\">\n            <div class=\"fill banner-link\"><\/div>            \n\n   <div id=\"text-box-1428120916\" class=\"text-box banner-layer x50 md-x50 lg-x50 y50 md-y50 lg-y50 res-text\">\n                                <div class=\"text dark\">\n              \n              <div class=\"text-inner text-center\">\n                  \n\n<h2><strong>Resultados de Clientes RD<\/strong><\/h2>\n\n              <\/div>\n           <\/div><!-- text-box-inner -->\n                            \n<style scope=\"scope\">\n\n#text-box-1428120916 {\n  width: 60%;\n}\n#text-box-1428120916 .text {\n  font-size: 100%;\n}\n<\/style>\n    <\/div><!-- text-box -->\n \n\n        <\/div><!-- .banner-layers -->\n      <\/div><!-- .banner-inner -->\n\n            \n<style scope=\"scope\">\n\n#banner-534300728 {\n  padding-top: 300px;\n  background-color: rgb(255, 255, 255);\n}\n#banner-534300728 .bg.bg-loaded {\n  background-image: url(https:\/\/rdassessoria.com\/wp-content\/uploads\/2018\/07\/rd-resultados-clientes-rd-assessoria-mg-1.jpg);\n}\n#banner-534300728 .overlay {\n  background-color: rgba(242, 226, 226, 0.37);\n}\n#banner-534300728 .bg {\n  background-position: 12% 33%;\n}\n<\/style>\n  <\/div><!-- .banner -->\n\n\n<div class=\"gap-element clearfix\" style=\"display:block; height:auto; padding-top:30px\"><\/div>\n\n<p style=\"text-align: justify;\">Resultados de maior destaque dos clientes dos servi\u00e7os de Apura\u00e7\u00e3o do VAF e Sistema WebVAF da RD Assessoria Fiscal, cujo trabalho est\u00e1 implantado h\u00e1 mais tempo e o servi\u00e7o est\u00e1 difundido entre os administradores municiais e os contribuintes do munic\u00edpio.<\/p>\n<p style=\"text-align: justify;\">Os resultados se referem ao <strong>\u00cdndice do VAF<\/strong> e ao <strong>Repasse do ICMS referente ao VAF<\/strong> de cada munic\u00edpio.<\/p>\n<div class=\"container section-title-container\" ><h3 class=\"section-title section-title-center\"><b><\/b><span class=\"section-title-main\" >Ant\u00f4nio Dias-MG<\/span><b><\/b><\/h3><\/div><!-- .section-title -->\n\n<div class=\"row align-center\"  id=\"row-681564498\">\n\n<div class=\"col medium-6 small-12 large-6\"  ><div class=\"col-inner\"  >\n\n\n  <div class=\"banner has-hover bg-color\" id=\"banner-2079689093\">\n          <div class=\"banner-inner fill\">\n        <div class=\"banner-bg fill\" >\n            <div class=\"bg fill bg-fill \"><\/div>\n                                    \n                    <\/div><!-- bg-layers -->\n        <div class=\"banner-layers container\">\n            <div class=\"fill banner-link\"><\/div>            \n\n\n        <\/div><!-- .banner-layers -->\n      <\/div><!-- .banner-inner -->\n\n              <div class=\"height-fix is-invisible\"><img loading=\"lazy\" decoding=\"async\" width=\"545\" height=\"357\" src=\"https:\/\/rdassessoria.com\/wp-content\/uploads\/2022\/06\/antonio-dias-grafo-vaf-2016-20-1.png\" class=\"attachment-large size-large\" alt=\"\" srcset=\"https:\/\/rdassessoria.com\/wp-content\/uploads\/2022\/06\/antonio-dias-grafo-vaf-2016-20-1.png 545w, https:\/\/rdassessoria.com\/wp-content\/uploads\/2022\/06\/antonio-dias-grafo-vaf-2016-20-1-300x197.png 300w\" sizes=\"auto, (max-width: 545px) 100vw, 545px\" \/><\/div>\n            \n<style scope=\"scope\">\n\n#banner-2079689093 .bg.bg-loaded {\n  background-image: url(https:\/\/rdassessoria.com\/wp-content\/uploads\/2022\/06\/antonio-dias-grafo-vaf-2016-20-1.png);\n}\n<\/style>\n  <\/div><!-- .banner -->\n\n\n\n<\/div><\/div>\n<div class=\"col medium-6 small-12 large-6\"  ><div class=\"col-inner\" style=\"background-color:rgb(211, 211, 211);\" >\n\n\n  <div class=\"banner has-hover bg-color\" id=\"banner-914912868\">\n          <div class=\"banner-inner fill\">\n        <div class=\"banner-bg fill\" >\n            <div class=\"bg fill bg-fill \"><\/div>\n                                    \n                    <\/div><!-- bg-layers -->\n        <div class=\"banner-layers container\">\n            <div class=\"fill banner-link\"><\/div>            \n\n\n        <\/div><!-- .banner-layers -->\n      <\/div><!-- .banner-inner -->\n\n              <div class=\"height-fix is-invisible\"><img loading=\"lazy\" decoding=\"async\" width=\"546\" height=\"357\" src=\"https:\/\/rdassessoria.com\/wp-content\/uploads\/2022\/06\/antonio-dias-grafo-vaf-2017-21-1.png\" class=\"attachment-large size-large\" alt=\"\" srcset=\"https:\/\/rdassessoria.com\/wp-content\/uploads\/2022\/06\/antonio-dias-grafo-vaf-2017-21-1.png 546w, https:\/\/rdassessoria.com\/wp-content\/uploads\/2022\/06\/antonio-dias-grafo-vaf-2017-21-1-300x196.png 300w\" sizes=\"auto, (max-width: 546px) 100vw, 546px\" \/><\/div>\n            \n<style scope=\"scope\">\n\n#banner-914912868 .bg.bg-loaded {\n  background-image: url(https:\/\/rdassessoria.com\/wp-content\/uploads\/2022\/06\/antonio-dias-grafo-vaf-2017-21-1.png);\n}\n#banner-914912868 {\n  background-color: rgb(211, 211, 211);\n}\n<\/style>\n  <\/div><!-- .banner -->\n\n\n\n<\/div><\/div>\n\n\n<style scope=\"scope\">\n\n<\/style>\n<\/div>\n<div class=\"container section-title-container\" ><h3 class=\"section-title section-title-center\"><b><\/b><span class=\"section-title-main\" >Camanducaia-MG<\/span><b><\/b><\/h3><\/div><!-- .section-title -->\n\n<div class=\"row align-center\"  id=\"row-1762113329\">\n\n<div class=\"col medium-6 small-12 large-6\"  ><div class=\"col-inner\"  >\n\n\n  <div class=\"banner has-hover bg-color\" id=\"banner-93897398\">\n          <div class=\"banner-inner fill\">\n        <div class=\"banner-bg fill\" >\n            <div class=\"bg fill bg-fill \"><\/div>\n                                    \n                    <\/div><!-- bg-layers -->\n        <div class=\"banner-layers container\">\n            <div class=\"fill banner-link\"><\/div>            \n\n\n        <\/div><!-- .banner-layers -->\n      <\/div><!-- .banner-inner -->\n\n              <div class=\"height-fix is-invisible\"><img loading=\"lazy\" decoding=\"async\" width=\"543\" height=\"356\" src=\"https:\/\/rdassessoria.com\/wp-content\/uploads\/2022\/06\/camanducaia-grafo-vaf-2016-20.png\" class=\"attachment-large size-large\" alt=\"\" srcset=\"https:\/\/rdassessoria.com\/wp-content\/uploads\/2022\/06\/camanducaia-grafo-vaf-2016-20.png 543w, https:\/\/rdassessoria.com\/wp-content\/uploads\/2022\/06\/camanducaia-grafo-vaf-2016-20-300x197.png 300w\" sizes=\"auto, (max-width: 543px) 100vw, 543px\" \/><\/div>\n            \n<style scope=\"scope\">\n\n#banner-93897398 .bg.bg-loaded {\n  background-image: url(https:\/\/rdassessoria.com\/wp-content\/uploads\/2022\/06\/camanducaia-grafo-vaf-2016-20.png);\n}\n<\/style>\n  <\/div><!-- .banner -->\n\n\n\n<\/div><\/div>\n<div class=\"col medium-6 small-12 large-6\"  ><div class=\"col-inner\" style=\"background-color:rgb(211, 211, 211);\" >\n\n\n  <div class=\"banner has-hover bg-color\" id=\"banner-1782891065\">\n          <div class=\"banner-inner fill\">\n        <div class=\"banner-bg fill\" >\n            <div class=\"bg fill bg-fill \"><\/div>\n                                    \n                    <\/div><!-- bg-layers -->\n        <div class=\"banner-layers container\">\n            <div class=\"fill banner-link\"><\/div>            \n\n\n        <\/div><!-- .banner-layers -->\n      <\/div><!-- .banner-inner -->\n\n              <div class=\"height-fix is-invisible\"><img loading=\"lazy\" decoding=\"async\" width=\"546\" height=\"358\" src=\"https:\/\/rdassessoria.com\/wp-content\/uploads\/2022\/06\/camanducaia-grafo-vaf-2017-21.png\" class=\"attachment-large size-large\" alt=\"\" srcset=\"https:\/\/rdassessoria.com\/wp-content\/uploads\/2022\/06\/camanducaia-grafo-vaf-2017-21.png 546w, https:\/\/rdassessoria.com\/wp-content\/uploads\/2022\/06\/camanducaia-grafo-vaf-2017-21-300x197.png 300w\" sizes=\"auto, (max-width: 546px) 100vw, 546px\" \/><\/div>\n            \n<style scope=\"scope\">\n\n#banner-1782891065 .bg.bg-loaded {\n  background-image: url(https:\/\/rdassessoria.com\/wp-content\/uploads\/2022\/06\/camanducaia-grafo-vaf-2017-21.png);\n}\n#banner-1782891065 {\n  background-color: rgb(211, 211, 211);\n}\n<\/style>\n  <\/div><!-- .banner -->\n\n\n\n<\/div><\/div>\n\n\n<style scope=\"scope\">\n\n<\/style>\n<\/div>\n<div class=\"container section-title-container\" ><h3 class=\"section-title section-title-center\"><b><\/b><span class=\"section-title-main\" >Carmo do Rio Claro-MG<\/span><b><\/b><\/h3><\/div><!-- .section-title -->\n\n<div class=\"row\"  id=\"row-269084067\">\n\n<div class=\"col medium-6 small-12 large-6\"  ><div class=\"col-inner\"  >\n\n\n  <div class=\"banner has-hover bg-color\" id=\"banner-889146881\">\n          <div class=\"banner-inner fill\">\n        <div class=\"banner-bg fill\" >\n            <div class=\"bg fill bg-fill \"><\/div>\n                                    \n                    <\/div><!-- bg-layers -->\n        <div class=\"banner-layers container\">\n            <div class=\"fill banner-link\"><\/div>            \n\n\n        <\/div><!-- .banner-layers -->\n      <\/div><!-- .banner-inner -->\n\n              <div class=\"height-fix is-invisible\"><img loading=\"lazy\" decoding=\"async\" width=\"549\" height=\"359\" src=\"https:\/\/rdassessoria.com\/wp-content\/uploads\/2022\/06\/carmo-do-rio-claro-grafo-vaf-2016-20.png\" class=\"attachment-large size-large\" alt=\"\" srcset=\"https:\/\/rdassessoria.com\/wp-content\/uploads\/2022\/06\/carmo-do-rio-claro-grafo-vaf-2016-20.png 549w, https:\/\/rdassessoria.com\/wp-content\/uploads\/2022\/06\/carmo-do-rio-claro-grafo-vaf-2016-20-300x196.png 300w\" sizes=\"auto, (max-width: 549px) 100vw, 549px\" \/><\/div>\n            \n<style scope=\"scope\">\n\n#banner-889146881 .bg.bg-loaded {\n  background-image: url(https:\/\/rdassessoria.com\/wp-content\/uploads\/2022\/06\/carmo-do-rio-claro-grafo-vaf-2016-20.png);\n}\n<\/style>\n  <\/div><!-- .banner -->\n\n\n\n<\/div><\/div>\n<div class=\"col medium-6 small-12 large-6\"  ><div class=\"col-inner\"  >\n\n\n  <div class=\"banner has-hover bg-color\" id=\"banner-412636853\">\n          <div class=\"banner-inner fill\">\n        <div class=\"banner-bg fill\" >\n            <div class=\"bg fill bg-fill \"><\/div>\n                                    \n                    <\/div><!-- bg-layers -->\n        <div class=\"banner-layers container\">\n            <div class=\"fill banner-link\"><\/div>            \n\n\n        <\/div><!-- .banner-layers -->\n      <\/div><!-- .banner-inner -->\n\n              <div class=\"height-fix is-invisible\"><img loading=\"lazy\" decoding=\"async\" width=\"551\" height=\"362\" src=\"https:\/\/rdassessoria.com\/wp-content\/uploads\/2022\/06\/carmo-do-rio-claro-grafo-vaf-2017-21.png\" class=\"attachment-large size-large\" alt=\"\" srcset=\"https:\/\/rdassessoria.com\/wp-content\/uploads\/2022\/06\/carmo-do-rio-claro-grafo-vaf-2017-21.png 551w, https:\/\/rdassessoria.com\/wp-content\/uploads\/2022\/06\/carmo-do-rio-claro-grafo-vaf-2017-21-300x197.png 300w\" sizes=\"auto, (max-width: 551px) 100vw, 551px\" \/><\/div>\n            \n<style scope=\"scope\">\n\n#banner-412636853 .bg.bg-loaded {\n  background-image: url(https:\/\/rdassessoria.com\/wp-content\/uploads\/2022\/06\/carmo-do-rio-claro-grafo-vaf-2017-21.png);\n}\n<\/style>\n  <\/div><!-- .banner -->\n\n\n\n<\/div><\/div>\n\n<\/div>\n<div class=\"container section-title-container\" ><h3 class=\"section-title section-title-center\"><b><\/b><span class=\"section-title-main\" >Itamogi-MG<\/span><b><\/b><\/h3><\/div><!-- .section-title -->\n\n<div class=\"row\"  id=\"row-441054899\">\n\n<div class=\"col medium-6 small-12 large-6\"  ><div class=\"col-inner\"  >\n\n\n  <div class=\"banner has-hover bg-color\" id=\"banner-273798218\">\n          <div class=\"banner-inner fill\">\n        <div class=\"banner-bg fill\" >\n            <div class=\"bg fill bg-fill \"><\/div>\n                                    \n                    <\/div><!-- bg-layers -->\n        <div class=\"banner-layers container\">\n            <div class=\"fill banner-link\"><\/div>            \n\n\n        <\/div><!-- .banner-layers -->\n      <\/div><!-- .banner-inner -->\n\n              <div class=\"height-fix is-invisible\"><img loading=\"lazy\" decoding=\"async\" width=\"548\" height=\"359\" src=\"https:\/\/rdassessoria.com\/wp-content\/uploads\/2022\/06\/itamogi-grafo-vaf-2016-20.png\" class=\"attachment-large size-large\" alt=\"\" srcset=\"https:\/\/rdassessoria.com\/wp-content\/uploads\/2022\/06\/itamogi-grafo-vaf-2016-20.png 548w, https:\/\/rdassessoria.com\/wp-content\/uploads\/2022\/06\/itamogi-grafo-vaf-2016-20-300x197.png 300w\" sizes=\"auto, (max-width: 548px) 100vw, 548px\" \/><\/div>\n            \n<style scope=\"scope\">\n\n#banner-273798218 .bg.bg-loaded {\n  background-image: url(https:\/\/rdassessoria.com\/wp-content\/uploads\/2022\/06\/itamogi-grafo-vaf-2016-20.png);\n}\n<\/style>\n  <\/div><!-- .banner -->\n\n\n\n<\/div><\/div>\n<div class=\"col medium-6 small-12 large-6\"  ><div class=\"col-inner\"  >\n\n\n  <div class=\"banner has-hover bg-color\" id=\"banner-1998791729\">\n          <div class=\"banner-inner fill\">\n        <div class=\"banner-bg fill\" >\n            <div class=\"bg fill bg-fill \"><\/div>\n                                    \n                    <\/div><!-- bg-layers -->\n        <div class=\"banner-layers container\">\n            <div class=\"fill banner-link\"><\/div>            \n\n\n        <\/div><!-- .banner-layers -->\n      <\/div><!-- .banner-inner -->\n\n              <div class=\"height-fix is-invisible\"><img loading=\"lazy\" decoding=\"async\" width=\"551\" height=\"360\" src=\"https:\/\/rdassessoria.com\/wp-content\/uploads\/2022\/06\/itamogi-grafo-vaf-2017-21.png\" class=\"attachment-large size-large\" alt=\"\" srcset=\"https:\/\/rdassessoria.com\/wp-content\/uploads\/2022\/06\/itamogi-grafo-vaf-2017-21.png 551w, https:\/\/rdassessoria.com\/wp-content\/uploads\/2022\/06\/itamogi-grafo-vaf-2017-21-300x196.png 300w\" sizes=\"auto, (max-width: 551px) 100vw, 551px\" \/><\/div>\n            \n<style scope=\"scope\">\n\n#banner-1998791729 .bg.bg-loaded {\n  background-image: url(https:\/\/rdassessoria.com\/wp-content\/uploads\/2022\/06\/itamogi-grafo-vaf-2017-21.png);\n}\n<\/style>\n  <\/div><!-- .banner -->\n\n\n\n<\/div><\/div>\n\n<\/div>\n<div class=\"container section-title-container\" ><h3 class=\"section-title section-title-center\"><b><\/b><span class=\"section-title-main\" >Itapeva-MG<\/span><b><\/b><\/h3><\/div><!-- .section-title -->\n\n<div class=\"row\"  id=\"row-166495718\">\n\n<div class=\"col medium-6 small-12 large-6\"  ><div class=\"col-inner\"  >\n\n\n  <div class=\"banner has-hover bg-color\" id=\"banner-2140679152\">\n          <div class=\"banner-inner fill\">\n        <div class=\"banner-bg fill\" >\n            <div class=\"bg fill bg-fill \"><\/div>\n                                    \n                    <\/div><!-- bg-layers -->\n        <div class=\"banner-layers container\">\n            <div class=\"fill banner-link\"><\/div>            \n\n\n        <\/div><!-- .banner-layers -->\n      <\/div><!-- .banner-inner -->\n\n              <div class=\"height-fix is-invisible\"><img loading=\"lazy\" decoding=\"async\" width=\"551\" height=\"363\" src=\"https:\/\/rdassessoria.com\/wp-content\/uploads\/2022\/06\/itapeva-grafo-vaf-2016-20.png\" class=\"attachment-large size-large\" alt=\"\" srcset=\"https:\/\/rdassessoria.com\/wp-content\/uploads\/2022\/06\/itapeva-grafo-vaf-2016-20.png 551w, https:\/\/rdassessoria.com\/wp-content\/uploads\/2022\/06\/itapeva-grafo-vaf-2016-20-300x198.png 300w\" sizes=\"auto, (max-width: 551px) 100vw, 551px\" \/><\/div>\n            \n<style scope=\"scope\">\n\n#banner-2140679152 .bg.bg-loaded {\n  background-image: url(https:\/\/rdassessoria.com\/wp-content\/uploads\/2022\/06\/itapeva-grafo-vaf-2016-20.png);\n}\n<\/style>\n  <\/div><!-- .banner -->\n\n\n\n<\/div><\/div>\n<div class=\"col medium-6 small-12 large-6\"  ><div class=\"col-inner\"  >\n\n\n  <div class=\"banner has-hover bg-color\" id=\"banner-1203464793\">\n          <div class=\"banner-inner fill\">\n        <div class=\"banner-bg fill\" >\n            <div class=\"bg fill bg-fill \"><\/div>\n                                    \n                    <\/div><!-- bg-layers -->\n        <div class=\"banner-layers container\">\n            <div class=\"fill banner-link\"><\/div>            \n\n\n        <\/div><!-- .banner-layers -->\n      <\/div><!-- .banner-inner -->\n\n              <div class=\"height-fix is-invisible\"><img loading=\"lazy\" decoding=\"async\" width=\"552\" height=\"359\" src=\"https:\/\/rdassessoria.com\/wp-content\/uploads\/2022\/06\/itapeva-grafo-vaf-2017-21.png\" class=\"attachment-large size-large\" alt=\"\" srcset=\"https:\/\/rdassessoria.com\/wp-content\/uploads\/2022\/06\/itapeva-grafo-vaf-2017-21.png 552w, https:\/\/rdassessoria.com\/wp-content\/uploads\/2022\/06\/itapeva-grafo-vaf-2017-21-300x195.png 300w\" sizes=\"auto, (max-width: 552px) 100vw, 552px\" \/><\/div>\n            \n<style scope=\"scope\">\n\n#banner-1203464793 .bg.bg-loaded {\n  background-image: url(https:\/\/rdassessoria.com\/wp-content\/uploads\/2022\/06\/itapeva-grafo-vaf-2017-21.png);\n}\n<\/style>\n  <\/div><!-- .banner -->\n\n\n\n<\/div><\/div>\n\n<\/div>\n<div class=\"container section-title-container\" ><h3 class=\"section-title section-title-center\"><b><\/b><span class=\"section-title-main\" >Jacutinga-MG<\/span><b><\/b><\/h3><\/div><!-- .section-title -->\n\n<div class=\"row align-center\"  id=\"row-611396587\">\n\n<div class=\"col medium-6 small-12 large-6\"  ><div class=\"col-inner\"  >\n\n\n  <div class=\"banner has-hover bg-color\" id=\"banner-840923189\">\n          <div class=\"banner-inner fill\">\n        <div class=\"banner-bg fill\" >\n            <div class=\"bg fill bg-fill \"><\/div>\n                                    \n                    <\/div><!-- bg-layers -->\n        <div class=\"banner-layers container\">\n            <div class=\"fill banner-link\"><\/div>            \n\n\n        <\/div><!-- .banner-layers -->\n      <\/div><!-- .banner-inner -->\n\n              <div class=\"height-fix is-invisible\"><img loading=\"lazy\" decoding=\"async\" width=\"550\" height=\"361\" src=\"https:\/\/rdassessoria.com\/wp-content\/uploads\/2022\/06\/jacutinga-grafo-vaf-2016-20.png\" class=\"attachment-large size-large\" alt=\"\" srcset=\"https:\/\/rdassessoria.com\/wp-content\/uploads\/2022\/06\/jacutinga-grafo-vaf-2016-20.png 550w, https:\/\/rdassessoria.com\/wp-content\/uploads\/2022\/06\/jacutinga-grafo-vaf-2016-20-300x197.png 300w\" sizes=\"auto, (max-width: 550px) 100vw, 550px\" \/><\/div>\n            \n<style scope=\"scope\">\n\n#banner-840923189 .bg.bg-loaded {\n  background-image: url(https:\/\/rdassessoria.com\/wp-content\/uploads\/2022\/06\/jacutinga-grafo-vaf-2016-20.png);\n}\n<\/style>\n  <\/div><!-- .banner -->\n\n\n\n<\/div><\/div>\n<div class=\"col medium-6 small-12 large-6\"  ><div class=\"col-inner\" style=\"background-color:rgb(211, 211, 211);\" >\n\n\n  <div class=\"banner has-hover bg-color\" id=\"banner-427732599\">\n          <div class=\"banner-inner fill\">\n        <div class=\"banner-bg fill\" >\n            <div class=\"bg fill bg-fill \"><\/div>\n                                    \n                    <\/div><!-- bg-layers -->\n        <div class=\"banner-layers container\">\n            <div class=\"fill banner-link\"><\/div>            \n\n\n        <\/div><!-- .banner-layers -->\n      <\/div><!-- .banner-inner -->\n\n              <div class=\"height-fix is-invisible\"><img loading=\"lazy\" decoding=\"async\" width=\"552\" height=\"365\" src=\"https:\/\/rdassessoria.com\/wp-content\/uploads\/2022\/06\/jacutinga-grafo-vaf-2017-21.png\" class=\"attachment-large size-large\" alt=\"\" srcset=\"https:\/\/rdassessoria.com\/wp-content\/uploads\/2022\/06\/jacutinga-grafo-vaf-2017-21.png 552w, https:\/\/rdassessoria.com\/wp-content\/uploads\/2022\/06\/jacutinga-grafo-vaf-2017-21-300x198.png 300w\" sizes=\"auto, (max-width: 552px) 100vw, 552px\" \/><\/div>\n            \n<style scope=\"scope\">\n\n#banner-427732599 .bg.bg-loaded {\n  background-image: url(https:\/\/rdassessoria.com\/wp-content\/uploads\/2022\/06\/jacutinga-grafo-vaf-2017-21.png);\n}\n#banner-427732599 {\n  background-color: rgb(211, 211, 211);\n}\n<\/style>\n  <\/div><!-- .banner -->\n\n\n\n<\/div><\/div>\n\n\n<style scope=\"scope\">\n\n<\/style>\n<\/div>\n\n","protected":false},"excerpt":{"rendered":"<p>Resultados de maior destaque dos clientes dos servi\u00e7os de Apura\u00e7\u00e3o do VAF e Sistema WebVAF da RD Assessoria Fiscal, cujo trabalho est\u00e1 implantado h\u00e1 mais tempo e o servi\u00e7o est\u00e1 difundido entre os administradores municiais e os contribuintes do munic\u00edpio. Os resultados se referem ao \u00cdndice do VAF e ao Repasse do ICMS referente ao [&#8230;]\n","protected":false},"author":1,"featured_media":0,"parent":0,"menu_order":0,"comment_status":"closed","ping_status":"closed","template":"","meta":{"footnotes":""},"class_list":["post-277","page","type-page","status-publish","hentry"],"_links":{"self":[{"href":"https:\/\/rdassessoria.com\/index.php?rest_route=\/wp\/v2\/pages\/277","targetHints":{"allow":["GET"]}}],"collection":[{"href":"https:\/\/rdassessoria.com\/index.php?rest_route=\/wp\/v2\/pages"}],"about":[{"href":"https:\/\/rdassessoria.com\/index.php?rest_route=\/wp\/v2\/types\/page"}],"author":[{"embeddable":true,"href":"https:\/\/rdassessoria.com\/index.php?rest_route=\/wp\/v2\/users\/1"}],"replies":[{"embeddable":true,"href":"https:\/\/rdassessoria.com\/index.php?rest_route=%2Fwp%2Fv2%2Fcomments&post=277"}],"version-history":[{"count":24,"href":"https:\/\/rdassessoria.com\/index.php?rest_route=\/wp\/v2\/pages\/277\/revisions"}],"predecessor-version":[{"id":886,"href":"https:\/\/rdassessoria.com\/index.php?rest_route=\/wp\/v2\/pages\/277\/revisions\/886"}],"wp:attachment":[{"href":"https:\/\/rdassessoria.com\/index.php?rest_route=%2Fwp%2Fv2%2Fmedia&parent=277"}],"curies":[{"name":"wp","href":"https:\/\/api.w.org\/{rel}","templated":true}]}}